
Is 2254040 a multiple of 366?
False
Is 703472 a multiple of 14?
True
Is 376 a factor of 221738?
False
Is 31 a factor of 2854782?
False
Does 38 divide 34896?
False
Does 12 divide 1809672?
True
Is 6 a factor of 1452713?
False
Is 318 a factor of 1361180?
False
Is 946445 a multiple of 11?
False
Is 11 a factor of 81963?
False
Is 238560 a multiple of 42?
True
Is 1524357 a multiple of 620?
False
Does 211 divide 30240?
False
Does 174 divide 20993?
False
Is 186 a factor of 316200?
True
Is 1527134 a multiple of 7?
True
Does 132 divide 165660?
True
Is 2 a factor of 114695?
False
Does 61 divide 89243?
True
Is 9 a factor of 202302?
True
Does 91 divide 34869?
False
Does 40 divide 90180?
False
Is 8 a factor of 36472?
True
Does 12 divide 11855562?
False
Does 237 divide 1073610?
True
Is 32680 a multiple of 19?
True
Does 174 divide 650914?
False
Is 491 a factor of 8500192?
True
Is 43693 a multiple of 16?
False
Is 599178 a multiple of 111?
True
Does 409 divide 3075271?
True
Is 11 a factor of 4160091?
False
Does 13 divide 522067?
True
Is 337914 a multiple of 1033?
False
Is 157130 a multiple of 145?
False
Is 14 a factor of 1109878?
True
Does 514 divide 75044?
True
Is 126819 a multiple of 222?
False
Does 149 divide 2092047?
False
Is 121 a factor of 5075103?
True
Is 43 a factor of 2681759?
False
Is 321 a factor of 2627639?
False
Is 357 a factor of 175287?
True
Is 493 a factor of 1076694?
False
Is 842040 a multiple of 30?
True
Does 305 divide 821888?
False
Does 6 divide 536572?
False
Does 348 divide 395565?
False
Is 92383 a multiple of 12?
False
Is 10 a factor of 3533400?
True
Is 3 a factor of 30312?
True
Is 84 a factor of 190428?
True
Is 506040 a multiple of 15?
True
Is 586215 a multiple of 7?
True
Is 35 a factor of 344575?
True
Is 6 a factor of 169344?
True
Does 120 divide 1590000?
True
Is 10 a factor of 184260?
True
Is 33 a factor of 79464?
True
Is 12881271 a multiple of 25?
False
Is 154 a factor of 825728?
False
Is 5 a factor of 10159?
False
Is 6285610 a multiple of 130?
False
Is 216 a factor of 255528?
True
Is 7344000 a multiple of 160?
True
Does 24 divide 1700222?
False
Is 76988 a multiple of 38?
True
Is 78430 a multiple of 158?
False
Is 16 a factor of 111536?
True
Is 737724 a multiple of 52?
True
Is 8100504 a multiple of 10?
False
Is 110 a factor of 10132320?
True
Does 14 divide 746104?
False
Is 14918 a multiple of 2?
True
Does 73 divide 4300332?
False
Is 24 a factor of 1347079?
False
Is 165660 a multiple of 5?
True
Is 237096 a multiple of 8?
True
Is 113 a factor of 411772?
True
Is 21 a factor of 1412019?
True
Does 513 divide 19747422?
True
Is 10 a factor of 627952?
False
Is 21 a factor of 364791?
True
Is 156 a factor of 20068627?
False
Is 54 a factor of 35961925?
False
Does 27 divide 119855?
False
Is 416076 a multiple of 161?
False
Does 13 divide 69236?
False
Is 6 a factor of 122118?
True
Is 84826 a multiple of 73?
True
Does 84 divide 80902?
False
Is 16733835 a multiple of 10?
False
Does 15 divide 2292154?
False
Does 8 divide 24320?
True
Does 49 divide 57379?
True
Is 57 a factor of 1764834?
True
Does 145 divide 2796615?
True
Is 56493 a multiple of 33?
False
Does 352 divide 2468928?
True
Is 162100 a multiple of 71?
False
Is 104283 a multiple of 3?
True
Is 3731468 a multiple of 292?
True
Does 38 divide 48509?
False
Does 36 divide 28903?
False
Does 64 divide 1720?
False
Is 11 a factor of 14763?
False
Is 339 a factor of 4863727?
False
Is 40 a factor of 451160?
True
Is 238109 a multiple of 27?
False
Is 7615 a multiple of 7?
False
Is 739296 a multiple of 10?
False
Does 86 divide 3570639?
False
Is 8 a factor of 112986?
False
Is 45 a factor of 4628610?
True
Does 86 divide 8978916?
True
Is 795 a factor of 883284?
False
Does 17 divide 15802822?
False
Is 9377109 a multiple of 251?
True
Does 164 divide 338004?
True
Does 32 divide 99872?
True
Is 4076802 a multiple of 92?
False
Is 12 a factor of 8594820?
True
Is 27 a factor of 493682?
False
Does 13 divide 15892?
False
Does 35 divide 6216805?
True
Is 690 a factor of 9843540?
True
Does 53 divide 241088?
False
Does 19 divide 272780?
False
Is 117 a factor of 265473?
True
Does 270 divide 300780?
True
Is 2103312 a multiple of 12?
True
Is 140 a factor of 284900?
True
Is 16 a factor of 4532848?
True
Is 23 a factor of 540923?
False
Is 67732 a multiple of 3?
False
Does 11 divide 415987?
True
Is 3806104 a multiple of 13?
False
Does 4 divide 105755?
False
Is 6 a factor of 202188?
True
Is 28 a factor of 2219280?
True
Is 669942 a multiple of 1227?
True
Is 1978660 a multiple of 72?
False
Does 150 divide 1653147?
False
Does 112 divide 1258208?
True
Is 27318477 a multiple of 153?
False
Is 26025549 a multiple of 139?
False
Is 434152 a multiple of 18?
False
Is 357420 a multiple of 20?
True
Does 139 divide 1029414?
False
Is 41888 a multiple of 187?
True
Is 58 a factor of 693680?
True
Does 31 divide 4483455?
False
Is 724 a factor of 616158?
False
Is 118 a factor of 175769?
False
Does 731 divide 901200?
False
Is 31 a factor of 302529?
True
Does 19 divide 3686687?
False
Does 27 divide 96596?
False
Does 16 divide 662492?
False
Is 7 a factor of 197750?
True
Does 48 divide 287932?
False
Is 23 a factor of 1600800?
True
Is 60 a factor of 1558522?
False
Is 62 a factor of 148180?
True
Is 1245958 a multiple of 174?
False
Does 14 divide 589848?
True
Is 76 a factor of 491792?
False
Is 17 a factor of 413661?
True
Is 18 a factor of 13843683?
False
Is 2700542 a multiple of 13?
True
Is 246 a factor of 4379064?
False
Does 6 divide 80946?
True
Is 608 a factor of 5399648?
True
Does 10 divide 2035310?
True
Is 23 a factor of 1541221?
False
Is 911 a factor of 175823?
True
Does 1303 divide 15392339?
True
Is 98 a factor of 589666?
True
Is 688 a factor of 3748912?
True
Is 3251431 a multiple of 31?
False
Is 1195 a factor of 6080768?
False
Is 369 a factor of 52398?
True
Does 38 divide 4283892?
True
Does 19 divide 982008?
False
Is 164901 a multiple of 19?
True
Is 23 a factor of 35535?
True
Does 38 divide 535416?
False
Is 16132176 a multiple of 216?
True
Is 6 a factor of 10816374?
True
Is 62855 a multiple of 12?
False
Does 76 divide 56392?
True
Is 6 a factor of 3991477?
False
Does 39 divide 1689840?
False
Is 168473 a multiple of 2?
False
Is 6529378 a multiple of 67?
False
Is 89 a factor of 151834?
True
Does 7 divide 302822?
False
Does 31 divide 7944173?
False
Is 6076837 a multiple of 88?
False
Is 11 a factor of 217569?
True
Is 11320 a multiple of 28?
False
Is 92510 a multiple of 4?
False
Is 100 a factor of 148616?
False
Is 692291 a multiple of 210?
False
Is 27651 even?
False
Is 16 a factor of 1431760?
True
Is 312 a factor of 7082400?
True
Does 4 divide 197153?
False
Does 9 divide 6145290?
True
Is 433 a factor of 1027076?
True
Is 3680500 a multiple of 500?
True
Is 979604 a multiple of 21?
False
Does 5 divide 669460?
True
Does 10 divide 393048?
False
Is 77691 a multiple of 29?
True
Does 33 divide 1880241?
True
Is 367 a factor of 1301749?
True
Is 9 a factor of 101718?
True
Does 33 divide 132957?
True
Is 2194329 a multiple of 38?
False
Does 4 divide 47568?
True
Does 5 divide 169797?
False
Is 4967608 a multiple of 5?
False
Does 67 divide 5117393?
True
Is 2663136 a multiple of 168?
True
Is 264643 a multiple of 5?
False
Does 20 divide 2600255?
False
Is 2269418 a multiple of 7?
False
Is 841 a multiple of 60?
False
Is 7168470 a multiple of 6?
True
Is 238180 a multiple of 560?
False
Does 480 divide 2010720?
True
Is 32 a factor of 500864?
True
Is 96 a factor of 51744?
True
Is 108282 a multiple of 176?
False
Is 578 a factor of 255476?
True
Does 12 divide 300360?
True
Does 23 divide 312227?
False
Is 194 a factor of 50832?
False
Does 75 divide 452100?
True
Is 1952256 a multiple of 1488?
True
Does 33 divide 2858604?
False
Does 75 divide 54424?
False
Is 68637 a multiple of 17?
False
Does 81 divide 37576?
False
Is 3 a factor of 71610?
True
Is 19 a factor of 3211950?
True
Does 18 divide 144360?
True
Is 2 a factor of 1274022?
True
Is 235335 a multiple of 57?
False
Does 12 divide 133104?
True
Is 138 a factor of 2400234?
True
Is 155740 a multiple of 20?
True
Does 4 divide 51560?
True
Does 54 divide 3564208?
False
Is 4564129 a multiple of 413?
False
Is 5673027 a multiple of 9?
False
Is 75 a factor of 370823?
False
Does 4 divide 259209?
False
Is 822 a factor of 972282?
False
Is 593 a fact